ime?
True
Is 1164153 composite?
True
Is 39409 a composite number?
False
Is 339353 composite?
True
Is 318701 a prime number?
True
Is 1555 a prime number?
False
Is 260569 prime?
True
Is 4751 composite?
False
Is 2746 prime?
False
Is 13751 a composite number?
False
Is 222581 composite?
True
Is 366593 prime?
True
Is 524497 a prime number?
True
Is 861253 prime?
False
Is 17011 prime?
True
Is 650413 a composite number?
False
Is 1381 composite?
False
Is 207007 prime?
False
Is 101627 composite?
False
Is 3254 prime?
False
Is 42899 a composite number?
False
Is 473399 composite?
True
Is 34417 composite?
True
Is 77681 prime?
True
Is 17833 prime?
False
Is 1533931 prime?
False
Is 5261 a prime number?
True
Is 48161 a prime number?
False
Is 421867 a composite number?
True
Is 451 prime?
False
Is 104071 a prime number?
False
Is 839 a composite number?
False
Is 203935 a composite number?
True
Is 4349 a composite number?
False
Is 234177 a composite number?
True
Is 4393 a prime number?
False
Is 321007 a prime number?
True
Is 86611 composite?
True
Is 3593 a composite number?
False
Is 24517 a prime number?
True
Is 129367 composite?
True
Is 104483 composite?
True
Is 5317 a prime number?
False
Is 20653 a prime number?
False
Is 10799 a prime number?
True
Is 26093 a prime number?
False
Is 2999 prime?
True
Is 140291 a prime number?
False
Is 5519 prime?
True
Is 4594 a prime number?
False
Is 697679 composite?
True
Is 60179 a composite number?
True
Is 12791 a prime number?
True
Is 515399 a composite number?
True
Is 3593 composite?
False
Is 84377 a composite number?
False
Is 679 prime?
False
Is 55799 composite?
False
Is 25031 prime?
True
Is 1102249 prime?
True
Is 536423 a prime number?
True
Is 201543 a prime number?
False
Is 61141 a prime number?
True
Is 150663 composite?
True
Is 20609 composite?
True
Is 9731 prime?
False
Is 294277 a composite number?
False
Is 233347 composite?
False
Is 6227 composite?
True
Is 1063277 prime?
False
Is 31511 prime?
True
Is 88643 a prime number?
True
Is 1121819 composite?
False
Is 100805 a composite number?
True
Is 3127 prime?
False
Is 2634479 a prime number?
True
Is 1406797 prime?
False
Is 18787 prime?
True
Is 42095 a prime number?
False
Is 214603 composite?
False
Is 3766297 prime?
True
Is 16922 a composite number?
True
Is 123649 a composite number?
True
Is 1333 a composite number?
True
Is 137377 a composite number?
True
Is 31643 a prime number?
True
Is 48647 a composite number?
False
Is 2971709 composite?
True
Is 133099 prime?
False
Is 9461 prime?
True
Is 194 prime?
False
Is 96431 a composite number?
False
Is 44927 a prime number?
True
Is 326987 a prime number?
False
Is 5627 a prime number?
False
Is 2449 composite?
True
Is 15815 a prime number?
False
Is 154421 prime?
False
Is 2417 prime?
True
Is 72959 a prime number?
True
Is 1320859 a composite number?
False
Is 7649 composite?
False
Is 29933 a composite number?
True
Is 659653 a composite number?
False
Is 10919881 a composite number?
True
Is 49499 a prime number?
True
Is 214147 prime?
True
Is 14563 a prime number?
True
Is 1543 composite?
False
Is 2707 prime?
True
Is 197763 a composite number?
True
Is 128585 a prime number?
False
Is 2987 a prime number?
False
Is 18451 a composite number?
False
Is 15898 a composite number?
True
Is 6418385 prime?
False
Is 6467 prime?
False
Is 48359 prime?
False
Is 7669 composite?
False
Is 321509 composite?
False
Is 76267 a composite number?
True
Is 22433 composite?
False
Is 7555 composite?
True
Is 22343 composite?
False
Is 321355 a composite number?
True
Is 8813 composite?
True
Is 179713 a composite number?
True
Is 353329 a composite number?
False
Is 648563 prime?
True
Is 3407 a composite number?
False
Is 729029 a prime number?
False
Is 155501 a composite number?
False
Is 13121 a prime number?
True
Is 411431 composite?
True
Is 59333 composite?
False
Is 104773 composite?
False
Is 56369 composite?
False
Is 418585 a composite number?
True
Is 18793 composite?
False
Is 6905 prime?
False
Is 6709 a prime number?
True
Is 217277 prime?
False
Is 144299 composite?
False
Is 62063 prime?
False
Is 1041139 composite?
True
Is 116639 composite?
False
Is 565118 composite?
True
Is 23357 prime?
True
Is 297761 prime?
False
Is 1637147 composite?
False
Is 851465 a composite number?
True
Is 132199 a prime number?
True
Is 7669 prime?
True
Is 73121 prime?
True
Is 183437 a composite number?
False
Is 1049719 composite?
True
Is 178071 a prime number?
False
Is 121973 composite?
True
Is 146819 a composite number?
False
Is 2251049 a composite number?
False
Is 91313 a composite number?
True
Is 22853 prime?
True
Is 52099 a prime number?
False
Is 112399 prime?
False
Is 7694 composite?
True
Is 375553 a prime number?
True
Is 2395 a composite number?
True
Is 29407 prime?
False
Is 280607 a composite number?
False
Is 47191 prime?
False
Is 1014817 a prime number?
True
Is 62233 a prime number?
True
Is 6271 a prime number?
True
Is 467561 composite?
True
Is 1704689 composite?
True
Is 409081 a composite number?
False
Is 3293 a composite number?
True
Is 73751 prime?
True
Is 26153 prime?
True
Is 397697 a composite number?
False
Is 58889 a composite number?
False
Is 2513059 a prime number?
False
Is 78091 a composite number?
True
Is 139223 composite?
True
Is 10345 prime?
False
Is 1066693 prime?
True
Is 117319 composite?
False
Is 374813 a prime number?
False
Is 11743 a prime number?
True
Is 63719 composite?
False
Is 4127 composite?
False
Is 8465 a composite number?
True
Is 764443 a composite number?
True
Is 44617 composite?
False
Is 174563 a composite number?
True
Is 285937 a composite number?
False
Is 47819 a prime number?
True
Is 23399 composite?
False
Is 1009 prime?
True
Is 11861 a composite number?
True
Is 382737 a composite number?
True
Is 13087 prime?
False
Is 181463 a composite number?
True
Is 292101 composite?
True
Is 28513 a prime number?
True
Is 2901 composite?
True
Is 124213 prime?
True
Is 602863 prime?
False
Is 654527 a composite number?
False
Is 21241 a prime number?
False
Is 146209 composite?
True
Is 16449 a prime number?
False
Is 1361 prime?
True
Is 12763 a composite number?
False
Is 27519 a prime number?
False
Is 65003 prime?
True
Is 161503 a composite number?
False
Is 253 a composite number?
True
Is 2175541 a composite number?
True
Is 15907 a prime number?
True
Is 9502 prime?
False
Is 11027 prime?
True
Is 8713 composite?
False
Is 52859 a prime number?
True
Is 39929 composite?
False
Is 8141 a composite number?
True
Is 561733 composite?
False
Is 1351 prime?
False
Is 13033 prime?
True
Is 14177 a composite number?
False
Is 521107 a composite number?
False
Is 113647 a composite number?
False
Is 3557 composite?
False
Is 37166 prime?
False
Is 735979 a composite number?
False
Is 29399 composite?
False
Is 541 prime?
True
Is 20873 composite?
False
Is 514609 a prime number?
False
Is 59921 prime?
True
Is 429529 a prime number?
True
Is 524129 prime?
False
Is 13291 a prime number?
True
Is 16921 a composite number?
False
Is 276623 a composite number?
False
Is 5981 composite?
False
Is 6007 prime?
True
Is 4327 a prime number?
True
Is 629611 a composite number?
False
Is 31199 composite?
True
Is 38983 prime?
False
Is 74523 prime?
False
Is 958 composite?
True
Is 299039 composite?
True
Is 582677 prime?
True
Is 4197 composite?
True
Is 1817 prime?
False
Is 3979 a prime number?
False
Is 80441 a composite number?
True
Is 4441 a prime number?
True
Is 413383 a prime number?
False
Is 244459 a composite number?
True
Is 13649 composite?
False
Is 215653 composite?
False
Is 16271 a composite number?
True
Is 3847 composite?
False
Is 127789 composite?
True
Is 70859 a composite number?
True
Is 28157 a composite number?
True
Is 604441 a prime number?
True
Is 39899 a prime number?
False
Is 3329 prime?
True
Is 789387 a composite number?
True
Is 17467 prime?
True
Is 10289 a prime number?
True
Is 10102 a prime number?
False
Is 60313 prime?
False
Is 611 a composite number?
True
Is 334 a prime number?
False
Is 487 a composite number?
False
Is 1361 composite?
False
Is 7067 composite?
True
Is 7067 a composite number?
True
Is 293053 a composite number?
True
Is 7297 composite?
False
Is 9923 a prime number?
True
Is 52261 composite?
True
Is 18637 composite?
False
Is 17137 composite?
False
Is 34537 a prime number?
True
Is 10762 composite?
T